{"id":6384,"date":"2025-06-09T17:36:48","date_gmt":"2025-06-09T17:36:48","guid":{"rendered":"https:\/\/lencsesibiobolt.hu\/?post_type=product&#038;p=6384"},"modified":"2025-06-09T18:02:16","modified_gmt":"2025-06-09T18:02:16","slug":"natur-elet-inkoherb-45db","status":"publish","type":"product","link":"https:\/\/lencsesibiobolt.hu\/?product=natur-elet-inkoherb-45db","title":{"rendered":"Nat\u00far \u00c9let Inkoherb &#8211; 45db"},"content":{"rendered":"","protected":false},"excerpt":{"rendered":"<div class=\"fusion-layout-column fusion_builder_column fusion-builder-column-123 fusion_builder_column_1_1 1_1 fusion-flex-column\">\n<div class=\"fusion-column-wrapper fusion-flex-justify-content-flex-start fusion-content-layout-column\">\n<div class=\"fusion-text fusion-text-125\">\n<div class=\"fusion-layout-column fusion_builder_column fusion-builder-column-118 fusion_builder_column_1_1 1_1 fusion-flex-column\">\n<div class=\"fusion-column-wrapper fusion-flex-justify-content-flex-start fusion-content-layout-column\">\n<div class=\"fusion-text fusion-text-118\">\n<h3 class=\"fusion-responsive-typography-calculated\" data-lineheight=\"53.96px\" data-fontsize=\"38\"><strong>A gy\u00f3gyn\u00f6v\u00e9nyek hat\u00e1sai<\/strong><\/h3>\n<\/div>\n<\/div>\n<\/div>\n<div class=\"fusion-layout-column fusion_builder_column fusion-builder-column-119 fusion_builder_column_1_3 1_3 fusion-flex-column\">\n<div class=\"fusion-column-wrapper fusion-flex-justify-content-flex-start fusion-content-layout-column\">\n<p>&nbsp;<\/p>\n<div class=\"fusion-text fusion-text-119\">\n<h5 class=\"fusion-responsive-typography-calculated\" data-lineheight=\"35px\" data-fontsize=\"25\"><strong>Kisz\u00e1m\u00edthat\u00f3 h\u00fagy\u00fati m\u0171k\u00f6d\u00e9s<\/strong><\/h5>\n<\/div>\n<div class=\"fusion-text fusion-text-120\">\n<p>Az Inkoherb gy\u00f3gyn\u00f6v\u00e9nyei szab\u00e1lyozz\u00e1k a vizelet megtart\u00e1s\u00e1t \u00e9s \u00fcr\u00edt\u00e9s\u00e9nek sebess\u00e9g\u00e9t, hogy fizikai terhel\u00e9s vagy t\u00fcsszent\u00e9s eset\u00e9n se t\u00f6rt\u00e9nhessen akaratlan vizeletveszt\u00e9s.<\/p>\n<\/div>\n<\/div>\n<\/div>\n<div class=\"fusion-layout-column fusion_builder_column fusion-builder-column-120 fusion_builder_column_1_3 1_3 fusion-flex-column\">\n<div class=\"fusion-column-wrapper fusion-flex-justify-content-flex-start fusion-content-layout-column\">\n<p>&nbsp;<\/p>\n<div class=\"fusion-text fusion-text-121\">\n<h5 class=\"fusion-responsive-typography-calculated\" data-lineheight=\"35px\" data-fontsize=\"25\"><strong>H\u00fagy\u00fati szervek er\u0151s\u00f6d\u00e9se<\/strong><\/h5>\n<\/div>\n<div class=\"fusion-text fusion-text-122\">\n<p>A t\u00falzottan akt\u00edv h\u00f3lyag szindr\u00f3ma leggyakoribb kiv\u00e1lt\u00f3ja a bels\u0151 izmok gyenges\u00e9g\u00e9b\u0151l ered. Ezek a\u00a0gy\u00f3gyn\u00f6v\u00e9nyek jav\u00edthatj\u00e1k a z\u00e1r\u00f3- \u00e9s g\u00e1tizom, a h\u00fagy, vese k\u00f6rny\u00e9ki szervek m\u0171k\u00f6d\u00e9s\u00e9t.<\/p>\n<\/div>\n<\/div>\n<\/div>\n<div class=\"fusion-layout-column fusion_builder_column fusion-builder-column-121 fusion_builder_column_1_3 1_3 fusion-flex-column\">\n<div class=\"fusion-column-wrapper fusion-flex-justify-content-flex-start fusion-content-layout-column\">\n<p>&nbsp;<\/p>\n<div class=\"fusion-text fusion-text-123\">\n<h5 class=\"fusion-responsive-typography-calculated\" data-lineheight=\"35px\" data-fontsize=\"25\"><strong>Jav\u00edtja az altesti sejtm\u0171k\u00f6d\u00e9st<\/strong><\/h5>\n<\/div>\n<div class=\"fusion-text fusion-text-124\">\n<p>A gy\u00f3gyn\u00f6v\u00e9nyekben l\u00e9v\u0151 fito\u00f6sztrog\u00e9nek az inkontinenci\u00e1val kapcsolatos alhasi sejtek m\u0171k\u00f6d\u00e9s\u00e9t jav\u00edtja \u00e9s megfelel\u0151 t\u00e1panyagtartalmat biztos\u00edtva enyh\u00edthetik a panaszokat.<\/p>\n<\/div>\n<\/div>\n<\/div>\n<h3 class=\"fusion-responsive-typography-calculated\" data-fontsize=\"38\" data-lineheight=\"53.96px\"><strong>Mik az \u00f6sszetev\u0151k?<\/strong><\/h3>\n<\/div>\n<div class=\"fusion-separator\">\n<div class=\"fusion-separator-border sep-single sep-solid\"><\/div>\n<\/div>\n<\/div>\n<\/div>\n<div class=\"fusion-layout-column fusion_builder_column fusion-builder-column-124 fusion_builder_column_1_2 1_2 fusion-flex-column fusion-flex-align-self-center\">\n<div class=\"fusion-column-wrapper fusion-flex-justify-content-flex-start fusion-content-layout-column\">\n<div><span class=\"fusion-imageframe imageframe-none imageframe-3 hover-type-none\"><img fetchpriority=\"high\" decoding=\"async\" class=\"img-responsive wp-image-14114\" title=\"Inkoherb_Gy\u00f3gyn\u00f6v\u00e9nyek_\u00d6sszetev\u0151k\" src=\"https:\/\/naturelet.hu\/wp-content\/uploads\/2022\/01\/Osszetevok-tablazatV.png\" sizes=\"(max-width: 640px) 100vw, 600px\" srcset=\"https:\/\/naturelet.hu\/wp-content\/uploads\/2022\/01\/Osszetevok-tablazatV-200x244.png 200w, https:\/\/naturelet.hu\/wp-content\/uploads\/2022\/01\/Osszetevok-tablazatV-400x488.png 400w, https:\/\/naturelet.hu\/wp-content\/uploads\/2022\/01\/Osszetevok-tablazatV-600x732.png 600w, https:\/\/naturelet.hu\/wp-content\/uploads\/2022\/01\/Osszetevok-tablazatV.png 729w\" alt=\"Inkoherb_gy\u00f3gyn\u00f6v\u00e9nyek\" width=\"729\" height=\"889\" \/><\/span><\/div>\n<div class=\"fusion-builder-row fusion-builder-row-inner fusion-row fusion-flex-align-items-center fusion-flex-justify-content-center\">\n<div class=\"fusion-layout-column fusion_builder_column_inner fusion-builder-nested-column-0 fusion_builder_column_inner_1_1 1_1 fusion-flex-column\">\n<div class=\"fusion-column-wrapper fusion-flex-justify-content-flex-start fusion-content-layout-column\">\n<div><span class=\"fusion-imageframe imageframe-none imageframe-4 hover-type-none\"><img decoding=\"async\" class=\"img-responsive wp-image-14542 lazyload\" title=\"Inkoherb_gy\u00f3gyn\u00f6v\u00e9nyek_napi_adagol\u00e1s\" data-src=\"https:\/\/naturelet.hu\/wp-content\/uploads\/2022\/02\/Kapszula-Napi-Adag_Inkoh.jpg\" data-sizes=\"(max-width: 640px) 100vw, 933px\" data-srcset=\"https:\/\/naturelet.hu\/wp-content\/uploads\/2022\/02\/Kapszula-Napi-Adag_Inkoh-200x55.jpg 200w, https:\/\/naturelet.hu\/wp-content\/uploads\/2022\/02\/Kapszula-Napi-Adag_Inkoh-400x109.jpg 400w, https:\/\/naturelet.hu\/wp-content\/uploads\/2022\/02\/Kapszula-Napi-Adag_Inkoh-600x164.jpg 600w, https:\/\/naturelet.hu\/wp-content\/uploads\/2022\/02\/Kapszula-Napi-Adag_Inkoh-800x219.jpg 800w, https:\/\/naturelet.hu\/wp-content\/uploads\/2022\/02\/Kapszula-Napi-Adag_Inkoh.jpg 933w\" alt=\"Inkontinencia kezel\u00e9se alternat\u00edv gy\u00f3gyn\u00f6v\u00e9nyes megold\u00e1ssal\" width=\"933\" height=\"255\" src=\"data:image\/svg+xml;base64,PHN2ZyB3aWR0aD0iMSIgaGVpZ2h0PSIxIiB4bWxucz0iaHR0cDovL3d3dy53My5vcmcvMjAwMC9zdmciPjwvc3ZnPg==\" style=\"--smush-placeholder-width: 933px; --smush-placeholder-aspect-ratio: 933\/255;\" \/><\/span><\/div>\n<\/div>\n<\/div>\n<\/div>\n<\/div>\n<\/div>\n<div class=\"fusion-layout-column fusion_builder_column fusion-builder-column-125 fusion_builder_column_1_2 1_2 fusion-flex-column fusion-flex-align-self-center\">\n<div class=\"fusion-column-wrapper fusion-flex-justify-content-flex-start fusion-content-layout-column\">\n<div class=\"fusion-text fusion-text-126\">\n<p><b>Az Inkoherb kapszul\u00e1ban tal\u00e1lhat\u00f3 gy\u00f3gyn\u00f6v\u00e9nyek, a szervezetbe \u00e9p\u00fclve elkezdik kifejteni j\u00f3t\u00e9kony hat\u00e1sukat. Szed\u00e9s\u00fckkel a vizelettart\u00e1sban olyan pozit\u00edv v\u00e1ltoz\u00e1sokat tapasztalhat, mint a v\u00e1ratlan vizeletveszt\u00e9s megsz\u0171n\u00e9se \u00e9s a k\u00f6z\u00e9rzet folyamatos javul\u00e1sa.<\/b><\/p>\n<p><strong>Inkoherb szed\u00e9si javaslat feln\u0151tteknek:<\/strong><br \/>\nAj\u00e1nlott napi 2 kapszula a nap b\u00e1rmelyik szakasz\u00e1ban, \u00e9tkez\u00e9s k\u00f6zben. A gy\u00f3gyn\u00f6v\u00e9nyek a hossz\u00fat\u00e1v\u00fa szed\u00e9sen kereszt\u00fcl jav\u00edthatj\u00e1k a h\u00fagy\u00fati m\u0171k\u00f6d\u00e9st. A kapszul\u00e1k szed\u00e9s\u00e9n\u00e9l fontos, hogy t\u00f6bb folyad\u00e9kot vigy\u00fcnk be az \u00e1tlagosn\u00e1l. A gy\u00f3gyn\u00f6v\u00e9nyeket a vizelettart\u00e1si probl\u00e9m\u00e1kra aj\u00e1nljuk!<\/p>\n<p><b>Egy\u00e9b \u00f6sszetev\u0151k:<\/b>\u00a0zselatin (kapszulah\u00e9j).<br \/>\n<b><br \/>\nNem tartalmaz:<\/b>\u00a0\u00edzfokoz\u00f3t, \u00e9des\u00edt\u0151t, mesters\u00e9ges sz\u00ednez\u00e9ket, cukrot, tejet, tejcukrot, sz\u00f3j\u00e1t, glut\u00e9nt, b\u00faz\u00e1t, \u00e9leszt\u0151t.<\/p>\n<p><strong>Figyelmeztet\u00e9sek:<\/strong>\u00a0Az aj\u00e1nlott napi adagot ne l\u00e9pje t\u00fal!<br \/>\nAz \u00e9trend-kieg\u00e9sz\u00edt\u0151 nem helyettes\u00edti a vegyes \u00e9trendet \u00e9s a helyes \u00e9letm\u00f3dot!<\/p>\n<\/div>\n<\/div>\n<\/div>\n","protected":false},"featured_media":6375,"comment_status":"open","ping_status":"closed","template":"","meta":{"site-sidebar-layout":"default","site-content-layout":"default","ast-global-header-display":"","ast-main-header-display":"","ast-hfb-above-header-display":"","ast-hfb-below-header-display":"","ast-hfb-mobile-header-display":"","site-post-title":"","ast-breadcrumbs-content":"","ast-featured-img":"","footer-sml-layout":"","theme-transparent-header-meta":"default","adv-header-id-meta":"","stick-header-meta":"","header-above-stick-meta":"","header-main-stick-meta":"","header-below-stick-meta":""},"product_cat":[44],"product_tag":[],"class_list":{"0":"post-6384","1":"product","2":"type-product","3":"status-publish","4":"has-post-thumbnail","6":"product_cat-etrend-kiegeszitok","7":"desktop-align-left","8":"tablet-align-left","9":"mobile-align-left","11":"first","12":"instock","13":"shipping-taxable","14":"purchasable","15":"product-type-simple"},"yoast_head":"<!-- This site is optimized with the Yoast SEO plugin v25.1 - https:\/\/yoast.com\/wordpress\/plugins\/seo\/ -->\n<title>Nat\u00far \u00c9let Inkoherb - 45db - Lencs\u00e9si Biobolt<\/title>\n<meta name=\"robots\" content=\"index, follow, max-snippet:-1, max-image-preview:large, max-video-preview:-1\" \/>\n<link rel=\"canonical\" href=\"https:\/\/lencsesibiobolt.hu\/?product=natur-elet-inkoherb-45db\" \/>\n<meta property=\"og:locale\" content=\"hu_HU\" \/>\n<meta property=\"og:type\" content=\"article\" \/>\n<meta property=\"og:title\" content=\"Nat\u00far \u00c9let Inkoherb - 45db - Lencs\u00e9si Biobolt\" \/>\n<meta property=\"og:description\" content=\"A gy\u00f3gyn\u00f6v\u00e9nyek hat\u00e1sai       &nbsp;  Kisz\u00e1m\u00edthat\u00f3 h\u00fagy\u00fati m\u0171k\u00f6d\u00e9s    Az Inkoherb gy\u00f3gyn\u00f6v\u00e9nyei szab\u00e1lyozz\u00e1k a vizelet megtart\u00e1s\u00e1t \u00e9s \u00fcr\u00edt\u00e9s\u00e9nek sebess\u00e9g\u00e9t, hogy fizikai terhel\u00e9s vagy t\u00fcsszent\u00e9s eset\u00e9n se t\u00f6rt\u00e9nhessen akaratlan vizeletveszt\u00e9s.        &nbsp;  H\u00fagy\u00fati szervek er\u0151s\u00f6d\u00e9se    A t\u00falzottan akt\u00edv h\u00f3lyag szindr\u00f3ma leggyakoribb kiv\u00e1lt\u00f3ja a bels\u0151 izmok gyenges\u00e9g\u00e9b\u0151l ered. Ezek a\u00a0gy\u00f3gyn\u00f6v\u00e9nyek jav\u00edthatj\u00e1k a z\u00e1r\u00f3- \u00e9s g\u00e1tizom, a h\u00fagy, vese k\u00f6rny\u00e9ki szervek m\u0171k\u00f6d\u00e9s\u00e9t.        &nbsp;  Jav\u00edtja az altesti sejtm\u0171k\u00f6d\u00e9st    A gy\u00f3gyn\u00f6v\u00e9nyekben l\u00e9v\u0151 fito\u00f6sztrog\u00e9nek az inkontinenci\u00e1val kapcsolatos alhasi sejtek m\u0171k\u00f6d\u00e9s\u00e9t jav\u00edtja \u00e9s megfelel\u0151 t\u00e1panyagtartalmat biztos\u00edtva enyh\u00edthetik a panaszokat.     Mik az \u00f6sszetev\u0151k?                       Az Inkoherb kapszul\u00e1ban tal\u00e1lhat\u00f3 gy\u00f3gyn\u00f6v\u00e9nyek, a szervezetbe \u00e9p\u00fclve elkezdik kifejteni j\u00f3t\u00e9kony hat\u00e1sukat. Szed\u00e9s\u00fckkel a vizelettart\u00e1sban olyan pozit\u00edv v\u00e1ltoz\u00e1sokat tapasztalhat, mint a v\u00e1ratlan vizeletveszt\u00e9s megsz\u0171n\u00e9se \u00e9s a k\u00f6z\u00e9rzet folyamatos javul\u00e1sa.  Inkoherb szed\u00e9si javaslat feln\u0151tteknek: Aj\u00e1nlott napi 2 kapszula a nap b\u00e1rmelyik szakasz\u00e1ban, \u00e9tkez\u00e9s k\u00f6zben. A gy\u00f3gyn\u00f6v\u00e9nyek a hossz\u00fat\u00e1v\u00fa szed\u00e9sen kereszt\u00fcl jav\u00edthatj\u00e1k a h\u00fagy\u00fati m\u0171k\u00f6d\u00e9st. A kapszul\u00e1k szed\u00e9s\u00e9n\u00e9l fontos, hogy t\u00f6bb folyad\u00e9kot vigy\u00fcnk be az \u00e1tlagosn\u00e1l. A gy\u00f3gyn\u00f6v\u00e9nyeket a vizelettart\u00e1si probl\u00e9m\u00e1kra aj\u00e1nljuk!  Egy\u00e9b \u00f6sszetev\u0151k:\u00a0zselatin (kapszulah\u00e9j).  Nem tartalmaz:\u00a0\u00edzfokoz\u00f3t, \u00e9des\u00edt\u0151t, mesters\u00e9ges sz\u00ednez\u00e9ket, cukrot, tejet, tejcukrot, sz\u00f3j\u00e1t, glut\u00e9nt, b\u00faz\u00e1t, \u00e9leszt\u0151t.  Figyelmeztet\u00e9sek:\u00a0Az aj\u00e1nlott napi adagot ne l\u00e9pje t\u00fal! Az \u00e9trend-kieg\u00e9sz\u00edt\u0151 nem helyettes\u00edti a vegyes \u00e9trendet \u00e9s a helyes \u00e9letm\u00f3dot!\" \/>\n<meta property=\"og:url\" content=\"https:\/\/lencsesibiobolt.hu\/?product=natur-elet-inkoherb-45db\" \/>\n<meta property=\"og:site_name\" content=\"Lencs\u00e9si Biobolt\" \/>\n<meta property=\"article:publisher\" content=\"https:\/\/www.facebook.com\/lencsesibiobolt\" \/>\n<meta property=\"article:modified_time\" content=\"2025-06-09T18:02:16+00:00\" \/>\n<meta property=\"og:image\" content=\"https:\/\/lencsesibiobolt.hu\/wp-content\/uploads\/2025\/06\/Inkoherb-1.png\" \/>\n\t<meta property=\"og:image:width\" content=\"621\" \/>\n\t<meta property=\"og:image:height\" content=\"620\" \/>\n\t<meta property=\"og:image:type\" content=\"image\/png\" \/>\n<meta name=\"twitter:card\" content=\"summary_large_image\" \/>\n<meta name=\"twitter:label1\" content=\"Becs\u00fclt olvas\u00e1si id\u0151\" \/>\n\t<meta name=\"twitter:data1\" content=\"1 perc\" \/>\n<script type=\"application\/ld+json\" class=\"yoast-schema-graph\">{\"@context\":\"https:\/\/schema.org\",\"@graph\":[{\"@type\":\"WebPage\",\"@id\":\"https:\/\/lencsesibiobolt.hu\/?product=natur-elet-inkoherb-45db\",\"url\":\"https:\/\/lencsesibiobolt.hu\/?product=natur-elet-inkoherb-45db\",\"name\":\"Nat\u00far \u00c9let Inkoherb - 45db - Lencs\u00e9si Biobolt\",\"isPartOf\":{\"@id\":\"https:\/\/lencsesibiobolt.hu\/#website\"},\"primaryImageOfPage\":{\"@id\":\"https:\/\/lencsesibiobolt.hu\/?product=natur-elet-inkoherb-45db#primaryimage\"},\"image\":{\"@id\":\"https:\/\/lencsesibiobolt.hu\/?product=natur-elet-inkoherb-45db#primaryimage\"},\"thumbnailUrl\":\"https:\/\/lencsesibiobolt.hu\/wp-content\/uploads\/2025\/06\/Inkoherb-1.png\",\"datePublished\":\"2025-06-09T17:36:48+00:00\",\"dateModified\":\"2025-06-09T18:02:16+00:00\",\"breadcrumb\":{\"@id\":\"https:\/\/lencsesibiobolt.hu\/?product=natur-elet-inkoherb-45db#breadcrumb\"},\"inLanguage\":\"hu\",\"potentialAction\":[{\"@type\":\"ReadAction\",\"target\":[\"https:\/\/lencsesibiobolt.hu\/?product=natur-elet-inkoherb-45db\"]}]},{\"@type\":\"ImageObject\",\"inLanguage\":\"hu\",\"@id\":\"https:\/\/lencsesibiobolt.hu\/?product=natur-elet-inkoherb-45db#primaryimage\",\"url\":\"https:\/\/lencsesibiobolt.hu\/wp-content\/uploads\/2025\/06\/Inkoherb-1.png\",\"contentUrl\":\"https:\/\/lencsesibiobolt.hu\/wp-content\/uploads\/2025\/06\/Inkoherb-1.png\",\"width\":621,\"height\":620},{\"@type\":\"BreadcrumbList\",\"@id\":\"https:\/\/lencsesibiobolt.hu\/?product=natur-elet-inkoherb-45db#breadcrumb\",\"itemListElement\":[{\"@type\":\"ListItem\",\"position\":1,\"name\":\"Kezd\u0151lap\",\"item\":\"https:\/\/lencsesibiobolt.hu\/\"},{\"@type\":\"ListItem\",\"position\":2,\"name\":\"Bolt\",\"item\":\"https:\/\/lencsesibiobolt.hu\/?page_id=401\"},{\"@type\":\"ListItem\",\"position\":3,\"name\":\"Nat\u00far \u00c9let Inkoherb &#8211; 45db\"}]},{\"@type\":\"WebSite\",\"@id\":\"https:\/\/lencsesibiobolt.hu\/#website\",\"url\":\"https:\/\/lencsesibiobolt.hu\/\",\"name\":\"Lencs\u00e9si Biobolt\",\"description\":\"\",\"publisher\":{\"@id\":\"https:\/\/lencsesibiobolt.hu\/#organization\"},\"potentialAction\":[{\"@type\":\"SearchAction\",\"target\":{\"@type\":\"EntryPoint\",\"urlTemplate\":\"https:\/\/lencsesibiobolt.hu\/?s={search_term_string}\"},\"query-input\":{\"@type\":\"PropertyValueSpecification\",\"valueRequired\":true,\"valueName\":\"search_term_string\"}}],\"inLanguage\":\"hu\"},{\"@type\":\"Organization\",\"@id\":\"https:\/\/lencsesibiobolt.hu\/#organization\",\"name\":\"Lencs\u00e9si Biobolt\",\"url\":\"https:\/\/lencsesibiobolt.hu\/\",\"logo\":{\"@type\":\"ImageObject\",\"inLanguage\":\"hu\",\"@id\":\"https:\/\/lencsesibiobolt.hu\/#\/schema\/logo\/image\/\",\"url\":\"https:\/\/lencsesibiobolt.hu\/wp-content\/uploads\/2024\/01\/cropped-Zold-Kanal-Vegetarianus-Etterem-Logo-masolata-e1705084274293.png\",\"contentUrl\":\"https:\/\/lencsesibiobolt.hu\/wp-content\/uploads\/2024\/01\/cropped-Zold-Kanal-Vegetarianus-Etterem-Logo-masolata-e1705084274293.png\",\"width\":396,\"height\":268,\"caption\":\"Lencs\u00e9si Biobolt\"},\"image\":{\"@id\":\"https:\/\/lencsesibiobolt.hu\/#\/schema\/logo\/image\/\"},\"sameAs\":[\"https:\/\/www.facebook.com\/lencsesibiobolt\"]}]}<\/script>\n<!-- \/ Yoast SEO plugin. -->","yoast_head_json":{"title":"Nat\u00far \u00c9let Inkoherb - 45db - Lencs\u00e9si Biobolt","robots":{"index":"index","follow":"follow","max-snippet":"max-snippet:-1","max-image-preview":"max-image-preview:large","max-video-preview":"max-video-preview:-1"},"canonical":"https:\/\/lencsesibiobolt.hu\/?product=natur-elet-inkoherb-45db","og_locale":"hu_HU","og_type":"article","og_title":"Nat\u00far \u00c9let Inkoherb - 45db - Lencs\u00e9si Biobolt","og_description":"A gy\u00f3gyn\u00f6v\u00e9nyek hat\u00e1sai       &nbsp;  Kisz\u00e1m\u00edthat\u00f3 h\u00fagy\u00fati m\u0171k\u00f6d\u00e9s    Az Inkoherb gy\u00f3gyn\u00f6v\u00e9nyei szab\u00e1lyozz\u00e1k a vizelet megtart\u00e1s\u00e1t \u00e9s \u00fcr\u00edt\u00e9s\u00e9nek sebess\u00e9g\u00e9t, hogy fizikai terhel\u00e9s vagy t\u00fcsszent\u00e9s eset\u00e9n se t\u00f6rt\u00e9nhessen akaratlan vizeletveszt\u00e9s.        &nbsp;  H\u00fagy\u00fati szervek er\u0151s\u00f6d\u00e9se    A t\u00falzottan akt\u00edv h\u00f3lyag szindr\u00f3ma leggyakoribb kiv\u00e1lt\u00f3ja a bels\u0151 izmok gyenges\u00e9g\u00e9b\u0151l ered. Ezek a\u00a0gy\u00f3gyn\u00f6v\u00e9nyek jav\u00edthatj\u00e1k a z\u00e1r\u00f3- \u00e9s g\u00e1tizom, a h\u00fagy, vese k\u00f6rny\u00e9ki szervek m\u0171k\u00f6d\u00e9s\u00e9t.        &nbsp;  Jav\u00edtja az altesti sejtm\u0171k\u00f6d\u00e9st    A gy\u00f3gyn\u00f6v\u00e9nyekben l\u00e9v\u0151 fito\u00f6sztrog\u00e9nek az inkontinenci\u00e1val kapcsolatos alhasi sejtek m\u0171k\u00f6d\u00e9s\u00e9t jav\u00edtja \u00e9s megfelel\u0151 t\u00e1panyagtartalmat biztos\u00edtva enyh\u00edthetik a panaszokat.     Mik az \u00f6sszetev\u0151k?                       Az Inkoherb kapszul\u00e1ban tal\u00e1lhat\u00f3 gy\u00f3gyn\u00f6v\u00e9nyek, a szervezetbe \u00e9p\u00fclve elkezdik kifejteni j\u00f3t\u00e9kony hat\u00e1sukat. Szed\u00e9s\u00fckkel a vizelettart\u00e1sban olyan pozit\u00edv v\u00e1ltoz\u00e1sokat tapasztalhat, mint a v\u00e1ratlan vizeletveszt\u00e9s megsz\u0171n\u00e9se \u00e9s a k\u00f6z\u00e9rzet folyamatos javul\u00e1sa.  Inkoherb szed\u00e9si javaslat feln\u0151tteknek: Aj\u00e1nlott napi 2 kapszula a nap b\u00e1rmelyik szakasz\u00e1ban, \u00e9tkez\u00e9s k\u00f6zben. A gy\u00f3gyn\u00f6v\u00e9nyek a hossz\u00fat\u00e1v\u00fa szed\u00e9sen kereszt\u00fcl jav\u00edthatj\u00e1k a h\u00fagy\u00fati m\u0171k\u00f6d\u00e9st. A kapszul\u00e1k szed\u00e9s\u00e9n\u00e9l fontos, hogy t\u00f6bb folyad\u00e9kot vigy\u00fcnk be az \u00e1tlagosn\u00e1l. A gy\u00f3gyn\u00f6v\u00e9nyeket a vizelettart\u00e1si probl\u00e9m\u00e1kra aj\u00e1nljuk!  Egy\u00e9b \u00f6sszetev\u0151k:\u00a0zselatin (kapszulah\u00e9j).  Nem tartalmaz:\u00a0\u00edzfokoz\u00f3t, \u00e9des\u00edt\u0151t, mesters\u00e9ges sz\u00ednez\u00e9ket, cukrot, tejet, tejcukrot, sz\u00f3j\u00e1t, glut\u00e9nt, b\u00faz\u00e1t, \u00e9leszt\u0151t.  Figyelmeztet\u00e9sek:\u00a0Az aj\u00e1nlott napi adagot ne l\u00e9pje t\u00fal! Az \u00e9trend-kieg\u00e9sz\u00edt\u0151 nem helyettes\u00edti a vegyes \u00e9trendet \u00e9s a helyes \u00e9letm\u00f3dot!","og_url":"https:\/\/lencsesibiobolt.hu\/?product=natur-elet-inkoherb-45db","og_site_name":"Lencs\u00e9si Biobolt","article_publisher":"https:\/\/www.facebook.com\/lencsesibiobolt","article_modified_time":"2025-06-09T18:02:16+00:00","og_image":[{"width":621,"height":620,"url":"https:\/\/lencsesibiobolt.hu\/wp-content\/uploads\/2025\/06\/Inkoherb-1.png","type":"image\/png"}],"twitter_card":"summary_large_image","twitter_misc":{"Becs\u00fclt olvas\u00e1si id\u0151":"1 perc"},"schema":{"@context":"https:\/\/schema.org","@graph":[{"@type":"WebPage","@id":"https:\/\/lencsesibiobolt.hu\/?product=natur-elet-inkoherb-45db","url":"https:\/\/lencsesibiobolt.hu\/?product=natur-elet-inkoherb-45db","name":"Nat\u00far \u00c9let Inkoherb - 45db - Lencs\u00e9si Biobolt","isPartOf":{"@id":"https:\/\/lencsesibiobolt.hu\/#website"},"primaryImageOfPage":{"@id":"https:\/\/lencsesibiobolt.hu\/?product=natur-elet-inkoherb-45db#primaryimage"},"image":{"@id":"https:\/\/lencsesibiobolt.hu\/?product=natur-elet-inkoherb-45db#primaryimage"},"thumbnailUrl":"https:\/\/lencsesibiobolt.hu\/wp-content\/uploads\/2025\/06\/Inkoherb-1.png","datePublished":"2025-06-09T17:36:48+00:00","dateModified":"2025-06-09T18:02:16+00:00","breadcrumb":{"@id":"https:\/\/lencsesibiobolt.hu\/?product=natur-elet-inkoherb-45db#breadcrumb"},"inLanguage":"hu","potentialAction":[{"@type":"ReadAction","target":["https:\/\/lencsesibiobolt.hu\/?product=natur-elet-inkoherb-45db"]}]},{"@type":"ImageObject","inLanguage":"hu","@id":"https:\/\/lencsesibiobolt.hu\/?product=natur-elet-inkoherb-45db#primaryimage","url":"https:\/\/lencsesibiobolt.hu\/wp-content\/uploads\/2025\/06\/Inkoherb-1.png","contentUrl":"https:\/\/lencsesibiobolt.hu\/wp-content\/uploads\/2025\/06\/Inkoherb-1.png","width":621,"height":620},{"@type":"BreadcrumbList","@id":"https:\/\/lencsesibiobolt.hu\/?product=natur-elet-inkoherb-45db#breadcrumb","itemListElement":[{"@type":"ListItem","position":1,"name":"Kezd\u0151lap","item":"https:\/\/lencsesibiobolt.hu\/"},{"@type":"ListItem","position":2,"name":"Bolt","item":"https:\/\/lencsesibiobolt.hu\/?page_id=401"},{"@type":"ListItem","position":3,"name":"Nat\u00far \u00c9let Inkoherb &#8211; 45db"}]},{"@type":"WebSite","@id":"https:\/\/lencsesibiobolt.hu\/#website","url":"https:\/\/lencsesibiobolt.hu\/","name":"Lencs\u00e9si Biobolt","description":"","publisher":{"@id":"https:\/\/lencsesibiobolt.hu\/#organization"},"potentialAction":[{"@type":"SearchAction","target":{"@type":"EntryPoint","urlTemplate":"https:\/\/lencsesibiobolt.hu\/?s={search_term_string}"},"query-input":{"@type":"PropertyValueSpecification","valueRequired":true,"valueName":"search_term_string"}}],"inLanguage":"hu"},{"@type":"Organization","@id":"https:\/\/lencsesibiobolt.hu\/#organization","name":"Lencs\u00e9si Biobolt","url":"https:\/\/lencsesibiobolt.hu\/","logo":{"@type":"ImageObject","inLanguage":"hu","@id":"https:\/\/lencsesibiobolt.hu\/#\/schema\/logo\/image\/","url":"https:\/\/lencsesibiobolt.hu\/wp-content\/uploads\/2024\/01\/cropped-Zold-Kanal-Vegetarianus-Etterem-Logo-masolata-e1705084274293.png","contentUrl":"https:\/\/lencsesibiobolt.hu\/wp-content\/uploads\/2024\/01\/cropped-Zold-Kanal-Vegetarianus-Etterem-Logo-masolata-e1705084274293.png","width":396,"height":268,"caption":"Lencs\u00e9si Biobolt"},"image":{"@id":"https:\/\/lencsesibiobolt.hu\/#\/schema\/logo\/image\/"},"sameAs":["https:\/\/www.facebook.com\/lencsesibiobolt"]}]}},"_links":{"self":[{"href":"https:\/\/lencsesibiobolt.hu\/index.php?rest_route=\/wp\/v2\/product\/6384","targetHints":{"allow":["GET"]}}],"collection":[{"href":"https:\/\/lencsesibiobolt.hu\/index.php?rest_route=\/wp\/v2\/product"}],"about":[{"href":"https:\/\/lencsesibiobolt.hu\/index.php?rest_route=\/wp\/v2\/types\/product"}],"replies":[{"embeddable":true,"href":"https:\/\/lencsesibiobolt.hu\/index.php?rest_route=%2Fwp%2Fv2%2Fcomments&post=6384"}],"wp:featuredmedia":[{"embeddable":true,"href":"https:\/\/lencsesibiobolt.hu\/index.php?rest_route=\/wp\/v2\/media\/6375"}],"wp:attachment":[{"href":"https:\/\/lencsesibiobolt.hu\/index.php?rest_route=%2Fwp%2Fv2%2Fmedia&parent=6384"}],"wp:term":[{"taxonomy":"product_cat","embeddable":true,"href":"https:\/\/lencsesibiobolt.hu\/index.php?rest_route=%2Fwp%2Fv2%2Fproduct_cat&post=6384"},{"taxonomy":"product_tag","embeddable":true,"href":"https:\/\/lencsesibiobolt.hu\/index.php?rest_route=%2Fwp%2Fv2%2Fproduct_tag&post=6384"}],"curies":[{"name":"wp","href":"https:\/\/api.w.org\/{rel}","templated":true}]}}