{"id":6381,"date":"2025-06-09T16:15:04","date_gmt":"2025-06-09T16:15:04","guid":{"rendered":"https:\/\/lencsesibiobolt.hu\/?post_type=product&#038;p=6381"},"modified":"2025-06-09T16:17:09","modified_gmt":"2025-06-09T16:17:09","slug":"natur-elet-prostallo-90db","status":"publish","type":"product","link":"https:\/\/lencsesibiobolt.hu\/?product=natur-elet-prostallo-90db","title":{"rendered":"Nat\u00far \u00c9let Prostallo &#8211; 90db"},"content":{"rendered":"","protected":false},"excerpt":{"rendered":"<p>A 21 f\u00e9le gy\u00f3gyn\u00f6v\u00e9nyb\u0151l \u00f6ssze\u00e1ll\u00edtott \u00e9trend-kieg\u00e9sz\u00edt\u0151 hat\u00e9kony seg\u00edts\u00e9get ny\u00fajthat j\u00f3indulat\u00fa prosztata nagyobbod\u00e1s t\u00fcneteinek enyh\u00edt\u00e9s\u00e9ben \u00e9s prosztatagyullad\u00e1s kieg\u00e9sz\u00edt\u0151 kezel\u00e9s\u00e9ben.<\/p>\n<p>&nbsp;<\/p>\n<p><strong>Adagol\u00e1si javaslat:<\/strong>\u00a01-3 kapszula napk\u00f6zbeni \u00e9tkez\u00e9shez k\u00f6t\u00f6tten, b\u0151 folyad\u00e9kkal bev\u00e9ve.<\/p>\n<p><strong>Akt\u00edv \u00f6sszetev\u0151k 1 kapszul\u00e1ban:<\/strong><br \/>\nt\u00f6kmag Cucurbita pepo 50mg<br \/>\ncickafark Achillea millefolium 30mg<br \/>\ncsal\u00e1n gy\u00f6k\u00e9r Urtica dioica 30mg<br \/>\nfeh\u00e9r \u00e1rvacsal\u00e1n Lamium album 30mg<br \/>\nfekete ny\u00e1r r\u00fcgy Populus nigra 30mg<br \/>\nfekete ribizli Ribes nigrum 30mg<br \/>\nf\u00fcz\u00e9ny Lythrum salicaria 30mg<br \/>\nkisvir\u00e1g\u00fa f\u0171zike Epilobium parviflorum 30mg<br \/>\nt\u00f6vises iglice Ononis spinosa 30mg<br \/>\naranyvessz\u0151 Solidago canadensis 20mg<br \/>\nbabh\u00e9j Phaseoli vulgaris 20mg<br \/>\ncitromf\u0171 Melissa officinalis 20mg<br \/>\ng\u00f6r\u00f6g sz\u00e9na Trigonella foenum-graecum 20mg<br \/>\ngyermekl\u00e1ncf\u0171 gy\u00f6k\u00e9r Taraxacum officinale 20mg<br \/>\nk\u00f6r\u00f6mvir\u00e1g Calendula officinalis 20mg<br \/>\nkukoricabajusz Zea mays 20mg<br \/>\nlenmag Linum usitatissimum 20mg<br \/>\nveronika Veronica officinalis herba 20mg<br \/>\nlibapimpo Potentila anserina 10mg<br \/>\nz\u00f6ldtea Camellia sinensis 10mg<br \/>\nzs\u00e1lya Salvia officinalis 10mg<\/p>\n<p><strong>Egy\u00e9b \u00f6sszetev\u0151k:<\/strong>\u00a0zselatin (kapszulah\u00e9j).<\/p>\n<p><b>Nem tartalmaz:<\/b>\u00a0\u00edzfokoz\u00f3t, \u00e9des\u00edt\u0151t, mesters\u00e9ges sz\u00ednez\u00e9ket, cukrot, tejet, tejcukrot, sz\u00f3j\u00e1t, glut\u00e9nt, b\u00faz\u00e1t, \u00e9leszt\u0151t.<\/p>\n","protected":false},"featured_media":6379,"comment_status":"open","ping_status":"closed","template":"","meta":{"site-sidebar-layout":"default","site-content-layout":"default","ast-global-header-display":"","ast-main-header-display":"","ast-hfb-above-header-display":"","ast-hfb-below-header-display":"","ast-hfb-mobile-header-display":"","site-post-title":"","ast-breadcrumbs-content":"","ast-featured-img":"","footer-sml-layout":"","theme-transparent-header-meta":"default","adv-header-id-meta":"","stick-header-meta":"","header-above-stick-meta":"","header-main-stick-meta":"","header-below-stick-meta":""},"product_cat":[44],"product_tag":[],"class_list":{"0":"post-6381","1":"product","2":"type-product","3":"status-publish","4":"has-post-thumbnail","6":"product_cat-etrend-kiegeszitok","7":"desktop-align-left","8":"tablet-align-left","9":"mobile-align-left","11":"first","12":"instock","13":"shipping-taxable","14":"purchasable","15":"product-type-simple"},"yoast_head":"<!-- This site is optimized with the Yoast SEO plugin v25.1 - https:\/\/yoast.com\/wordpress\/plugins\/seo\/ -->\n<title>Nat\u00far \u00c9let Prostallo - 90db - Lencs\u00e9si Biobolt<\/title>\n<meta name=\"robots\" content=\"index, follow, max-snippet:-1, max-image-preview:large, max-video-preview:-1\" \/>\n<link rel=\"canonical\" href=\"https:\/\/lencsesibiobolt.hu\/?product=natur-elet-prostallo-90db\" \/>\n<meta property=\"og:locale\" content=\"hu_HU\" \/>\n<meta property=\"og:type\" content=\"article\" \/>\n<meta property=\"og:title\" content=\"Nat\u00far \u00c9let Prostallo - 90db - Lencs\u00e9si Biobolt\" \/>\n<meta property=\"og:description\" content=\"A 21 f\u00e9le gy\u00f3gyn\u00f6v\u00e9nyb\u0151l \u00f6ssze\u00e1ll\u00edtott \u00e9trend-kieg\u00e9sz\u00edt\u0151 hat\u00e9kony seg\u00edts\u00e9get ny\u00fajthat j\u00f3indulat\u00fa prosztata nagyobbod\u00e1s t\u00fcneteinek enyh\u00edt\u00e9s\u00e9ben \u00e9s prosztatagyullad\u00e1s kieg\u00e9sz\u00edt\u0151 kezel\u00e9s\u00e9ben.  &nbsp;  Adagol\u00e1si javaslat:\u00a01-3 kapszula napk\u00f6zbeni \u00e9tkez\u00e9shez k\u00f6t\u00f6tten, b\u0151 folyad\u00e9kkal bev\u00e9ve.  Akt\u00edv \u00f6sszetev\u0151k 1 kapszul\u00e1ban: t\u00f6kmag Cucurbita pepo 50mg cickafark Achillea millefolium 30mg csal\u00e1n gy\u00f6k\u00e9r Urtica dioica 30mg feh\u00e9r \u00e1rvacsal\u00e1n Lamium album 30mg fekete ny\u00e1r r\u00fcgy Populus nigra 30mg fekete ribizli Ribes nigrum 30mg f\u00fcz\u00e9ny Lythrum salicaria 30mg kisvir\u00e1g\u00fa f\u0171zike Epilobium parviflorum 30mg t\u00f6vises iglice Ononis spinosa 30mg aranyvessz\u0151 Solidago canadensis 20mg babh\u00e9j Phaseoli vulgaris 20mg citromf\u0171 Melissa officinalis 20mg g\u00f6r\u00f6g sz\u00e9na Trigonella foenum-graecum 20mg gyermekl\u00e1ncf\u0171 gy\u00f6k\u00e9r Taraxacum officinale 20mg k\u00f6r\u00f6mvir\u00e1g Calendula officinalis 20mg kukoricabajusz Zea mays 20mg lenmag Linum usitatissimum 20mg veronika Veronica officinalis herba 20mg libapimpo Potentila anserina 10mg z\u00f6ldtea Camellia sinensis 10mg zs\u00e1lya Salvia officinalis 10mg  Egy\u00e9b \u00f6sszetev\u0151k:\u00a0zselatin (kapszulah\u00e9j).  Nem tartalmaz:\u00a0\u00edzfokoz\u00f3t, \u00e9des\u00edt\u0151t, mesters\u00e9ges sz\u00ednez\u00e9ket, cukrot, tejet, tejcukrot, sz\u00f3j\u00e1t, glut\u00e9nt, b\u00faz\u00e1t, \u00e9leszt\u0151t.\" \/>\n<meta property=\"og:url\" content=\"https:\/\/lencsesibiobolt.hu\/?product=natur-elet-prostallo-90db\" \/>\n<meta property=\"og:site_name\" content=\"Lencs\u00e9si Biobolt\" \/>\n<meta property=\"article:publisher\" content=\"https:\/\/www.facebook.com\/lencsesibiobolt\" \/>\n<meta property=\"article:modified_time\" content=\"2025-06-09T16:17:09+00:00\" \/>\n<meta property=\"og:image\" content=\"https:\/\/lencsesibiobolt.hu\/wp-content\/uploads\/2025\/06\/Prostallo-1.png\" \/>\n\t<meta property=\"og:image:width\" content=\"617\" \/>\n\t<meta property=\"og:image:height\" content=\"622\" \/>\n\t<meta property=\"og:image:type\" content=\"image\/png\" \/>\n<meta name=\"twitter:card\" content=\"summary_large_image\" \/>\n<meta name=\"twitter:label1\" content=\"Becs\u00fclt olvas\u00e1si id\u0151\" \/>\n\t<meta name=\"twitter:data1\" content=\"1 perc\" \/>\n<script type=\"application\/ld+json\" class=\"yoast-schema-graph\">{\"@context\":\"https:\/\/schema.org\",\"@graph\":[{\"@type\":\"WebPage\",\"@id\":\"https:\/\/lencsesibiobolt.hu\/?product=natur-elet-prostallo-90db\",\"url\":\"https:\/\/lencsesibiobolt.hu\/?product=natur-elet-prostallo-90db\",\"name\":\"Nat\u00far \u00c9let Prostallo - 90db - Lencs\u00e9si Biobolt\",\"isPartOf\":{\"@id\":\"https:\/\/lencsesibiobolt.hu\/#website\"},\"primaryImageOfPage\":{\"@id\":\"https:\/\/lencsesibiobolt.hu\/?product=natur-elet-prostallo-90db#primaryimage\"},\"image\":{\"@id\":\"https:\/\/lencsesibiobolt.hu\/?product=natur-elet-prostallo-90db#primaryimage\"},\"thumbnailUrl\":\"https:\/\/lencsesibiobolt.hu\/wp-content\/uploads\/2025\/06\/Prostallo-1.png\",\"datePublished\":\"2025-06-09T16:15:04+00:00\",\"dateModified\":\"2025-06-09T16:17:09+00:00\",\"breadcrumb\":{\"@id\":\"https:\/\/lencsesibiobolt.hu\/?product=natur-elet-prostallo-90db#breadcrumb\"},\"inLanguage\":\"hu\",\"potentialAction\":[{\"@type\":\"ReadAction\",\"target\":[\"https:\/\/lencsesibiobolt.hu\/?product=natur-elet-prostallo-90db\"]}]},{\"@type\":\"ImageObject\",\"inLanguage\":\"hu\",\"@id\":\"https:\/\/lencsesibiobolt.hu\/?product=natur-elet-prostallo-90db#primaryimage\",\"url\":\"https:\/\/lencsesibiobolt.hu\/wp-content\/uploads\/2025\/06\/Prostallo-1.png\",\"contentUrl\":\"https:\/\/lencsesibiobolt.hu\/wp-content\/uploads\/2025\/06\/Prostallo-1.png\",\"width\":617,\"height\":622},{\"@type\":\"BreadcrumbList\",\"@id\":\"https:\/\/lencsesibiobolt.hu\/?product=natur-elet-prostallo-90db#breadcrumb\",\"itemListElement\":[{\"@type\":\"ListItem\",\"position\":1,\"name\":\"Kezd\u0151lap\",\"item\":\"https:\/\/lencsesibiobolt.hu\/\"},{\"@type\":\"ListItem\",\"position\":2,\"name\":\"Bolt\",\"item\":\"https:\/\/lencsesibiobolt.hu\/?page_id=401\"},{\"@type\":\"ListItem\",\"position\":3,\"name\":\"Nat\u00far \u00c9let Prostallo &#8211; 90db\"}]},{\"@type\":\"WebSite\",\"@id\":\"https:\/\/lencsesibiobolt.hu\/#website\",\"url\":\"https:\/\/lencsesibiobolt.hu\/\",\"name\":\"Lencs\u00e9si Biobolt\",\"description\":\"\",\"publisher\":{\"@id\":\"https:\/\/lencsesibiobolt.hu\/#organization\"},\"potentialAction\":[{\"@type\":\"SearchAction\",\"target\":{\"@type\":\"EntryPoint\",\"urlTemplate\":\"https:\/\/lencsesibiobolt.hu\/?s={search_term_string}\"},\"query-input\":{\"@type\":\"PropertyValueSpecification\",\"valueRequired\":true,\"valueName\":\"search_term_string\"}}],\"inLanguage\":\"hu\"},{\"@type\":\"Organization\",\"@id\":\"https:\/\/lencsesibiobolt.hu\/#organization\",\"name\":\"Lencs\u00e9si Biobolt\",\"url\":\"https:\/\/lencsesibiobolt.hu\/\",\"logo\":{\"@type\":\"ImageObject\",\"inLanguage\":\"hu\",\"@id\":\"https:\/\/lencsesibiobolt.hu\/#\/schema\/logo\/image\/\",\"url\":\"https:\/\/lencsesibiobolt.hu\/wp-content\/uploads\/2024\/01\/cropped-Zold-Kanal-Vegetarianus-Etterem-Logo-masolata-e1705084274293.png\",\"contentUrl\":\"https:\/\/lencsesibiobolt.hu\/wp-content\/uploads\/2024\/01\/cropped-Zold-Kanal-Vegetarianus-Etterem-Logo-masolata-e1705084274293.png\",\"width\":396,\"height\":268,\"caption\":\"Lencs\u00e9si Biobolt\"},\"image\":{\"@id\":\"https:\/\/lencsesibiobolt.hu\/#\/schema\/logo\/image\/\"},\"sameAs\":[\"https:\/\/www.facebook.com\/lencsesibiobolt\"]}]}<\/script>\n<!-- \/ Yoast SEO plugin. -->","yoast_head_json":{"title":"Nat\u00far \u00c9let Prostallo - 90db - Lencs\u00e9si Biobolt","robots":{"index":"index","follow":"follow","max-snippet":"max-snippet:-1","max-image-preview":"max-image-preview:large","max-video-preview":"max-video-preview:-1"},"canonical":"https:\/\/lencsesibiobolt.hu\/?product=natur-elet-prostallo-90db","og_locale":"hu_HU","og_type":"article","og_title":"Nat\u00far \u00c9let Prostallo - 90db - Lencs\u00e9si Biobolt","og_description":"A 21 f\u00e9le gy\u00f3gyn\u00f6v\u00e9nyb\u0151l \u00f6ssze\u00e1ll\u00edtott \u00e9trend-kieg\u00e9sz\u00edt\u0151 hat\u00e9kony seg\u00edts\u00e9get ny\u00fajthat j\u00f3indulat\u00fa prosztata nagyobbod\u00e1s t\u00fcneteinek enyh\u00edt\u00e9s\u00e9ben \u00e9s prosztatagyullad\u00e1s kieg\u00e9sz\u00edt\u0151 kezel\u00e9s\u00e9ben.  &nbsp;  Adagol\u00e1si javaslat:\u00a01-3 kapszula napk\u00f6zbeni \u00e9tkez\u00e9shez k\u00f6t\u00f6tten, b\u0151 folyad\u00e9kkal bev\u00e9ve.  Akt\u00edv \u00f6sszetev\u0151k 1 kapszul\u00e1ban: t\u00f6kmag Cucurbita pepo 50mg cickafark Achillea millefolium 30mg csal\u00e1n gy\u00f6k\u00e9r Urtica dioica 30mg feh\u00e9r \u00e1rvacsal\u00e1n Lamium album 30mg fekete ny\u00e1r r\u00fcgy Populus nigra 30mg fekete ribizli Ribes nigrum 30mg f\u00fcz\u00e9ny Lythrum salicaria 30mg kisvir\u00e1g\u00fa f\u0171zike Epilobium parviflorum 30mg t\u00f6vises iglice Ononis spinosa 30mg aranyvessz\u0151 Solidago canadensis 20mg babh\u00e9j Phaseoli vulgaris 20mg citromf\u0171 Melissa officinalis 20mg g\u00f6r\u00f6g sz\u00e9na Trigonella foenum-graecum 20mg gyermekl\u00e1ncf\u0171 gy\u00f6k\u00e9r Taraxacum officinale 20mg k\u00f6r\u00f6mvir\u00e1g Calendula officinalis 20mg kukoricabajusz Zea mays 20mg lenmag Linum usitatissimum 20mg veronika Veronica officinalis herba 20mg libapimpo Potentila anserina 10mg z\u00f6ldtea Camellia sinensis 10mg zs\u00e1lya Salvia officinalis 10mg  Egy\u00e9b \u00f6sszetev\u0151k:\u00a0zselatin (kapszulah\u00e9j).  Nem tartalmaz:\u00a0\u00edzfokoz\u00f3t, \u00e9des\u00edt\u0151t, mesters\u00e9ges sz\u00ednez\u00e9ket, cukrot, tejet, tejcukrot, sz\u00f3j\u00e1t, glut\u00e9nt, b\u00faz\u00e1t, \u00e9leszt\u0151t.","og_url":"https:\/\/lencsesibiobolt.hu\/?product=natur-elet-prostallo-90db","og_site_name":"Lencs\u00e9si Biobolt","article_publisher":"https:\/\/www.facebook.com\/lencsesibiobolt","article_modified_time":"2025-06-09T16:17:09+00:00","og_image":[{"width":617,"height":622,"url":"https:\/\/lencsesibiobolt.hu\/wp-content\/uploads\/2025\/06\/Prostallo-1.png","type":"image\/png"}],"twitter_card":"summary_large_image","twitter_misc":{"Becs\u00fclt olvas\u00e1si id\u0151":"1 perc"},"schema":{"@context":"https:\/\/schema.org","@graph":[{"@type":"WebPage","@id":"https:\/\/lencsesibiobolt.hu\/?product=natur-elet-prostallo-90db","url":"https:\/\/lencsesibiobolt.hu\/?product=natur-elet-prostallo-90db","name":"Nat\u00far \u00c9let Prostallo - 90db - Lencs\u00e9si Biobolt","isPartOf":{"@id":"https:\/\/lencsesibiobolt.hu\/#website"},"primaryImageOfPage":{"@id":"https:\/\/lencsesibiobolt.hu\/?product=natur-elet-prostallo-90db#primaryimage"},"image":{"@id":"https:\/\/lencsesibiobolt.hu\/?product=natur-elet-prostallo-90db#primaryimage"},"thumbnailUrl":"https:\/\/lencsesibiobolt.hu\/wp-content\/uploads\/2025\/06\/Prostallo-1.png","datePublished":"2025-06-09T16:15:04+00:00","dateModified":"2025-06-09T16:17:09+00:00","breadcrumb":{"@id":"https:\/\/lencsesibiobolt.hu\/?product=natur-elet-prostallo-90db#breadcrumb"},"inLanguage":"hu","potentialAction":[{"@type":"ReadAction","target":["https:\/\/lencsesibiobolt.hu\/?product=natur-elet-prostallo-90db"]}]},{"@type":"ImageObject","inLanguage":"hu","@id":"https:\/\/lencsesibiobolt.hu\/?product=natur-elet-prostallo-90db#primaryimage","url":"https:\/\/lencsesibiobolt.hu\/wp-content\/uploads\/2025\/06\/Prostallo-1.png","contentUrl":"https:\/\/lencsesibiobolt.hu\/wp-content\/uploads\/2025\/06\/Prostallo-1.png","width":617,"height":622},{"@type":"BreadcrumbList","@id":"https:\/\/lencsesibiobolt.hu\/?product=natur-elet-prostallo-90db#breadcrumb","itemListElement":[{"@type":"ListItem","position":1,"name":"Kezd\u0151lap","item":"https:\/\/lencsesibiobolt.hu\/"},{"@type":"ListItem","position":2,"name":"Bolt","item":"https:\/\/lencsesibiobolt.hu\/?page_id=401"},{"@type":"ListItem","position":3,"name":"Nat\u00far \u00c9let Prostallo &#8211; 90db"}]},{"@type":"WebSite","@id":"https:\/\/lencsesibiobolt.hu\/#website","url":"https:\/\/lencsesibiobolt.hu\/","name":"Lencs\u00e9si Biobolt","description":"","publisher":{"@id":"https:\/\/lencsesibiobolt.hu\/#organization"},"potentialAction":[{"@type":"SearchAction","target":{"@type":"EntryPoint","urlTemplate":"https:\/\/lencsesibiobolt.hu\/?s={search_term_string}"},"query-input":{"@type":"PropertyValueSpecification","valueRequired":true,"valueName":"search_term_string"}}],"inLanguage":"hu"},{"@type":"Organization","@id":"https:\/\/lencsesibiobolt.hu\/#organization","name":"Lencs\u00e9si Biobolt","url":"https:\/\/lencsesibiobolt.hu\/","logo":{"@type":"ImageObject","inLanguage":"hu","@id":"https:\/\/lencsesibiobolt.hu\/#\/schema\/logo\/image\/","url":"https:\/\/lencsesibiobolt.hu\/wp-content\/uploads\/2024\/01\/cropped-Zold-Kanal-Vegetarianus-Etterem-Logo-masolata-e1705084274293.png","contentUrl":"https:\/\/lencsesibiobolt.hu\/wp-content\/uploads\/2024\/01\/cropped-Zold-Kanal-Vegetarianus-Etterem-Logo-masolata-e1705084274293.png","width":396,"height":268,"caption":"Lencs\u00e9si Biobolt"},"image":{"@id":"https:\/\/lencsesibiobolt.hu\/#\/schema\/logo\/image\/"},"sameAs":["https:\/\/www.facebook.com\/lencsesibiobolt"]}]}},"_links":{"self":[{"href":"https:\/\/lencsesibiobolt.hu\/index.php?rest_route=\/wp\/v2\/product\/6381","targetHints":{"allow":["GET"]}}],"collection":[{"href":"https:\/\/lencsesibiobolt.hu\/index.php?rest_route=\/wp\/v2\/product"}],"about":[{"href":"https:\/\/lencsesibiobolt.hu\/index.php?rest_route=\/wp\/v2\/types\/product"}],"replies":[{"embeddable":true,"href":"https:\/\/lencsesibiobolt.hu\/index.php?rest_route=%2Fwp%2Fv2%2Fcomments&post=6381"}],"wp:featuredmedia":[{"embeddable":true,"href":"https:\/\/lencsesibiobolt.hu\/index.php?rest_route=\/wp\/v2\/media\/6379"}],"wp:attachment":[{"href":"https:\/\/lencsesibiobolt.hu\/index.php?rest_route=%2Fwp%2Fv2%2Fmedia&parent=6381"}],"wp:term":[{"taxonomy":"product_cat","embeddable":true,"href":"https:\/\/lencsesibiobolt.hu\/index.php?rest_route=%2Fwp%2Fv2%2Fproduct_cat&post=6381"},{"taxonomy":"product_tag","embeddable":true,"href":"https:\/\/lencsesibiobolt.hu\/index.php?rest_route=%2Fwp%2Fv2%2Fproduct_tag&post=6381"}],"curies":[{"name":"wp","href":"https:\/\/api.w.org\/{rel}","templated":true}]}}